hen 455840 is divided by 991.
971
Calculate the remainder when 302262 is divided by 26.
12
Calculate the remainder when 10722453 is divided by 7177.
15
Calculate the remainder when 3306591 is divided by 180.
171
What is the remainder when 250310 is divided by 267?
131
Calculate the remainder when 27460886 is divided by 1007.
1003
What is the remainder when 655326 is divided by 112?
14
What is the remainder when 8867985 is divided by 278?
63
What is the remainder when 249503 is divided by 7?
2
Calculate the remainder when 432964 is divided by 216346.
272
Calculate the remainder when 54476 is divided by 3489.
2141
Calculate the remainder when 636196 is divided by 126746.
2466
What is the remainder when 157359923 is divided by 210?
203
What is the remainder when 91285 is divided by 10688?
5781
Calculate the remainder when 965411 is divided by 248.
195
What is the remainder when 400844 is divided by 178?
166
Calculate the remainder when 7561 is divided by 1049.
218
Calculate the remainder when 310495 is divided by 423.
13
Calculate the remainder when 2126253 is divided by 4973.
2782
What is the remainder when 36377883 is divided by 467?
451
What is the remainder when 4350917 is divided by 241717?
11
What is the remainder when 891388 is divided by 5212?
136
What is the remainder when 104700426 is divided by 4552192?
10
What is the remainder when 6391152 is divided by 5407?
78
Calculate the remainder when 5596912 is divided by 62.
48
Calculate the remainder when 20767844 is divided by 66.
20
What is the remainder when 230527007 is divided by 70?
67
Calculate the remainder when 2372584 is divided by 169470.
4
What is the remainder when 247075 is divided by 246524?
551
Calculate the remainder when 29437374 is divided by 4906229.
0
Calculate the remainder when 1328598 is divided by 265712.
38
What is the remainder when 1340962 is divided by 523?
513
Calculate the remainder when 1125956 is divided by 41.
14
What is the remainder when 7188011 is divided by 2233?
2217
What is the remainder when 872175 is divided by 126?
3
What is the remainder when 33419747 is divided by 4774247?
18
What is the remainder when 2033249 is divided by 25?
24
What is the remainder when 1182741 is divided by 769?
19
What is the remainder when 13914143 is divided by 11964?
11
What is the remainder when 2501093 is divided by 14?
7
Calculate the remainder when 1944844 is divided by 1399.
234
Calculate the remainder when 68587519 is divided by 5120.
5119
What is the remainder when 229325 is divided by 103?
47
Calculate the remainder when 30662 is divided by 15323.
16
What is the remainder when 15081 is divided by 14311?
770
Calculate the remainder when 289456802 is divided by 99.
8
Calculate the remainder when 24191536 is divided by 13.
5
Calculate the remainder when 43158 is divided by 2873.
63
What is the remainder when 252846 is divided by 252416?
430
Calculate the remainder when 1014038 is divided by 2627.
16
Calculate the remainder when 1656016 is divided by 2300.
16
What is the remainder when 24798 is divided by 10748?
3302
Calculate the remainder when 9919211 is divided by 148046.
129
Calculate the remainder when 1037403 is divided by 11670.
10443
What is the remainder when 1599834 is divided by 55?
49
Calculate the remainder when 21429 is divided by 1369.
894
Calculate the remainder when 1631304 is divided by 105.
24
Calculate the remainder when 870865 is divided by 2984.
2521
Calculate the remainder when 232584 is divided by 1803.
1800
What is the remainder when 1170525 is divided by 84?
69
What is the remainder when 4927390 is divided by 1868?
1474
What is the remainder when 42004881 is divided by 7036?
6997
What is the remainder when 54697023 is divided by 16?
15
What is the remainder when 63437 is divided by 21?
17
What is the remainder when 53103214 is divided by 515?
19
Calculate the remainder when 103739365 is divided by 34579787.
4
Calculate the remainder when 8180110 is divided by 178.
120
What is the remainder when 7571 is divided by 1221?
245
What is the remainder when 26529670 is divided by 947487?
34
What is the remainder when 12243725 is divided by 1804?
1781
What is the remainder when 26641082 is divided by 13320535?
12
What is the remainder when 6835522 is divided by 429?
265
Calculate the remainder when 3619695 is divided by 287.
51
Calculate the remainder when 1385261 is divided by 8603.
178
What is the remainder when 40062419 is divided by 36?
35
What is the remainder when 1812500 is divided by 604149?
53
What is the remainder when 213948 is divided by 471?
114
Calculate the remainder when 691064864 is divided by 39.
35
What is the remainder when 5363823 is divided by 523?
458
What is the remainder when 1614117 is divided by 1265?
1242
Calculate the remainder when 25975094 is divided by 63.
5
Calculate the remainder when 105766 is divided by 34233.
3067
What is the remainder when 1965806 is divided by 115617?
317
Calculate the remainder when 908967 is divided by 7703.
13
Calculate the remainder when 16750268 is divided by 85.
83
Calculate the remainder when 12003217 is divided by 68.
61
What is the remainder when 4547076 is divided by 96?
36
Calculate the remainder when 339546 is divided by 1220.
386
What is the remainder when 72618117 is divided by 3240?
3237
What is the remainder when 164212 is divided by 7?
6
Calculate the remainder when 7114441 is divided by 62407.
43
Calculate the remainder when 222323 is divided by 8709.
4598
Calculate the remainder when 63939 is divided by 1782.
1569
Calculate the remainder when 47721 is divided by 148.
65
Calculate the remainder when 11184974 is divided by 317.
263
Calculate the remainder when 2772195 is divided by 877.
875
Calculate the remainder when 916853 is divided by 41672.
69
Calculate the remainder when 4510560 is divided by 563815.
40
Calculate the remainder when 16215 is divided by 590.
285
What is the remainder when 272202 is divided by 30233?
105
What is the remainder when 36750693 is divided by 74?
73
Calculate the remainder when 21039776 is divided by 3.
2
What is the remainder when 299112 is divided by 69?
66
Calculate the remainder when 108908425 is divided by 851.
849
What is the remainder when 68995824 is divided by 909?
906
What is the remainder when 109932 is divided by 2557?
2538
What is the remainder when 7301550 is divided by 365076?
30
Calculate the remainder when 18193749 is divided by 230.
59
Calculate the remainder when 635426 is divided by 72.
26
Calculate the remainder when 107096 is divided by 8886.
464
What is the remainder when 8100968 is divided by 2614?
182
Calculate the remainder when 191325985 is divided by 44.
37
What is the remainder when 16715755 is divided by 2312?
2307
Calculate the remainder when 2535 is divided by 215.
170
Calculate the remainder when 52373 is divided by 8345.
2303
What is the remainder when 8421477 is divided by 314?
311
What is the remainder when 82875 is divided by 16355?
1100
Calculate the remainder when 17893843 is divided by 135.
133
What is the remainder when 272575 is divided by 8127?
4384
Calculate the remainder when 11516469 is divided by 11516432.
37
What is the remainder when 695800 is divided by 347592?
616
Calculate the remainder when 28415 is divided by 2504.
871
What is the remainder when 593144 is divided by 921?
20
What is the remainder when 57457638 is divided by 73?
68
What is the remainder when 410764209 is divided by 718?
717
What is the remainder when 67012 is divided by 2197?
1102
What is the remainder when 462400 is divided by 24?
16
What is the remainder when 14010940 is divided by 113910?
10
What is the remainder when 8885901 is divided by 48?
45
Calculate the remainder when 20226 is divided by 2113.
1209
Calculate the remainder when 6332188 is divided by 8.
4
What is the remainder when 128423 is divided by 6379?
843
What is the remainder when 12404451 is divided by 4134726?
273
Calculate the remainder when 1937838 is divided by 61.
51
Calculate the remainder when 8010073 is divided by 254.
183
Calculate the remainder when 1289256 is divided by 429491.
783
Calculate the remainder when 22780651 is divided by 529782.
25
What is the remainder when 1360801 is divided by 756?
1
Calculate the remainder when 4196724 is divided by 